{"id":23051,"date":"2021-01-31T16:09:52","date_gmt":"2021-01-31T16:09:52","guid":{"rendered":"https:\/\/www.eume.newhosting.me\/?page_id=23051"},"modified":"2021-02-17T12:42:59","modified_gmt":"2021-02-17T12:42:59","slug":"novi-pristup-u-pregovorima-i-metodologija","status":"publish","type":"page","link":"https:\/\/eume-new.webexperts.me\/?page_id=23051","title":{"rendered":"Novi pristup u pregovorima i metodologija"},"content":{"rendered":"<p style=\"text-align: justify;\"><span style=\"color: #003366;\"><strong>Unapre\u0111enje procesa pristupanja &#8211; vjerodostojna perspektiva EU za Zapadni Balkan<\/strong><\/span><\/p>\n<p style=\"text-align: justify;\">Kolegijum komesara Evropske unije (EU) usvojio je <span style=\"color: #003366;\"><strong>februaru 2020.<\/strong><\/span> Novu metodologiju procesa pristupanja EU kroz dokument pod nazivom \u201eUnapre\u0111enje procesa pristupanja \u2013 Vjerodostojna perspektiva EU za Zapadni Balkan\u201d, s ciljem <span style=\"color: #003366;\">promovisanja procesa pro\u0161irenja uz vi\u0161e vjerodostojnosti i povjerenja<\/span> kada je u pitanju sprovo\u0111enje temeljnih reformi u dr\u017eavama Zapadnog Balkana, <span style=\"color: #003366;\">uz uvo\u0111enje uslovnosti i reverzibilnosti u proces<\/span>. Mjesec dana kasnije, dokument je podr\u017ean od Savjeta Evropske unije koji \u010dine ministri dr\u017eava \u010dlanica, \u010dime je on i zvani\u010dno usvojen.<\/p>\n<p style=\"text-align: justify;\">Nova metodogija predvi\u0111a fokusiraniji pristup klju\u010dnim politi\u010dkim pitanjima i reformama kako bi <span style=\"color: #003366;\">proces pro\u0161irenja postao djelotvorniji, predvidljiviji i dinami\u010dniji<\/span>. Proces pridru\u017eivanja treba da bude izgra\u0111en na me\u0111usobnom povjerenju i jasnim obavezama EU i Zapadnog Balkana, a kredibilitet poja\u010dan kroz jo\u0161 ja\u010di fokus na temeljnim reformama, po\u010dev\u0161i od vladavine prava, funkcionisanja demokratskih institucija i javne uprave, kao i ekonomije zemalja kandidata.<\/p>\n<p style=\"text-align: justify;\">Jedna od klju\u010dnih novina se odnosi na <span style=\"color: #003366;\">formiranje tzv. tematskih klastera<\/span> koji objedinjavaju vi\u0161e pregovara\u010dkih poglavlja, kako bi <span style=\"color: #003366;\">politi\u010dki fokus zemalja kandidata bio usmjeren na klju\u010dne sektore, ali i sankcije u slu\u010daju nesprovo\u0111enja potrebnih reformi i ispunjavanja uslova<\/span>.<\/p>\n<p style=\"text-align: justify;\">Pregovori o svakom od ukupno \u0161est klastera <span style=\"color: #003366;\">\u0107e biti otvarani kao cjelina<\/span>, nakon ispunjavanja mjerila. <span style=\"color: #003366;\">Pregovori o klju\u010dnim reformama otvara\u0107e se prvi i zatvarati posljednji<\/span>, a napredak u ovim oblastima determinisa\u0107e ukupan tok pregovora, \u0161to odgovara aktuelnom, <span style=\"color: #003366;\">tzv. \u201enovom pristupu\u201c u pregovorima<\/span>, koji se prvi put primjenjivao na Crnu Goru.<\/p>\n<p style=\"text-align: justify;\">Nova metodolgija predvi\u0111a <span style=\"color: #003366;\">uvo\u0111enje odlu\u010dnijih mjera kada su u pitanju pretpristupni fondovi kao zna\u010dajan segment pregovora<\/span>. Jedan od va\u017enih noviteta u tom pravcu odnosi se na mogu\u0107nost smanjenja ili pove\u0107anja pretpristupne podr\u0161ke EU u zavisnosti od napredovanja odnosno stagniranja dr\u017eave kandidata. <span style=\"color: #003366;\">Novitet u odnosu na postoje\u0107i model je da se prvi put pominje mogu\u0107nost umanjivanja sredstava iz fondova EU, uz izuzetak podr\u0161ke civilnom dru\u0161tvu, u slu\u010daju neispunjavanja reformskih aktivnosti<\/span>.<\/p>\n<p style=\"text-align: justify;\">Metodologija se, <span style=\"color: #003366;\">u tehni\u010dkom smislu, ne razlikuje mnogo od postoje\u0107e, ali je izuzetno va\u017ean politi\u010dki impuls na obje strane EU-Zapadni Balkan<\/span>, koji daje ve\u0107u fokusiranost klju\u010dnim reformskim procesima u dr\u017eavi. Kada je rije\u010d o Crnoj Gori, koja je zna\u010dajno odmakla u procesu pregovora, predlo\u017eene promjene mogu biti uklju\u010dene u postoje\u0107i pregovara\u010dki okvir, posebno imaju\u0107i u vidu da Nova metodologija predvi\u0111a uskla\u0111ivanje tematskih klastera s pododborima u okviru procesa stabilizacije i pridru\u017eivanja (SSP). <span style=\"color: #003366;\">U fokusu ostaje napor da se odr\u017ei dinamika i kvalitet pregovara\u010dkog procesa, a Nova metodologija je pokrenula neka od klju\u010dnih pitanja, kao \u0161to su: zajedni\u010dka strate\u0161ka komunikacija o evropskim vrijednostima, politi\u010dki dijalog i sna\u017enija saradnja EU i dr\u017eava ZB, kao i zajedni\u010dki rad u cilju napretka u pregovara\u010dkom procesu<\/span>.<\/p>\n<p style=\"text-align: justify;\"><span style=\"color: #003366;\">Crna Gora je potvrdila i prihvatila Novu metodologiju pristupnih pregovora Evropske komisije u maju 2020<\/span>, ali i dalje ostaje nedefinisano na koji na\u010din \u0107e najavljena politi\u010dka volja i posve\u0107enost procesu biti preto\u010dena u pregovara\u010dki proces Crne Gore koja je ve\u0107 otvorila sva pregovara\u010dka poglavlja.<\/p>\n","protected":false},"excerpt":{"rendered":"<p>Unapre\u0111enje procesa pristupanja &#8211; vjerodostojna perspektiva EU za Zapadni Balkan Kolegijum komesara Evropske unije (EU) usvojio je februaru 2020. Novu metodologiju procesa pristupanja EU kroz dokument pod nazivom \u201eUnapre\u0111enje procesa pristupanja \u2013 Vjerodostojna perspektiva EU za Zapadni Balkan\u201d, s ciljem promovisanja procesa pro\u0161irenja uz vi\u0161e vjerodostojnosti i povjerenja kada je u pitanju sprovo\u0111enje temeljnih reformi [&hellip;]<\/p>\n","protected":false},"author":31,"featured_media":0,"parent":0,"menu_order":0,"comment_status":"closed","ping_status":"closed","template":"","meta":{"footnotes":""},"categories":[],"tags":[],"class_list":["post-23051","page","type-page","status-publish"],"lang":"bs","translations":{"en":23058,"bs":23051},"pll_sync_post":[],"_links":{"self":[{"href":"https:\/\/eume-new.webexperts.me\/index.php?rest_route=\/wp\/v2\/pages\/23051","targetHints":{"allow":["GET"]}}],"collection":[{"href":"https:\/\/eume-new.webexperts.me\/index.php?rest_route=\/wp\/v2\/pages"}],"about":[{"href":"https:\/\/eume-new.webexperts.me\/index.php?rest_route=\/wp\/v2\/types\/page"}],"author":[{"embeddable":true,"href":"https:\/\/eume-new.webexperts.me\/index.php?rest_route=\/wp\/v2\/users\/31"}],"replies":[{"embeddable":true,"href":"https:\/\/eume-new.webexperts.me\/index.php?rest_route=%2Fwp%2Fv2%2Fcomments&post=23051"}],"version-history":[{"count":2,"href":"https:\/\/eume-new.webexperts.me\/index.php?rest_route=\/wp\/v2\/pages\/23051\/revisions"}],"predecessor-version":[{"id":23331,"href":"https:\/\/eume-new.webexperts.me\/index.php?rest_route=\/wp\/v2\/pages\/23051\/revisions\/23331"}],"wp:attachment":[{"href":"https:\/\/eume-new.webexperts.me\/index.php?rest_route=%2Fwp%2Fv2%2Fmedia&parent=23051"}],"wp:term":[{"taxonomy":"category","embeddable":true,"href":"https:\/\/eume-new.webexperts.me\/index.php?rest_route=%2Fwp%2Fv2%2Fcategories&post=23051"},{"taxonomy":"post_tag","embeddable":true,"href":"https:\/\/eume-new.webexperts.me\/index.php?rest_route=%2Fwp%2Fv2%2Ftags&post=23051"}],"curies":[{"name":"wp","href":"https:\/\/api.w.org\/{rel}","templated":true}]}}